{"id":714,"date":"2020-11-19T15:14:16","date_gmt":"2020-11-19T15:14:16","guid":{"rendered":"http:\/\/ndschaft.de\/?page_id=714"},"modified":"2020-11-24T12:44:54","modified_gmt":"2020-11-24T12:44:54","slug":"seminaris-fu-berlin","status":"publish","type":"page","link":"http:\/\/ndschaft.de\/100-2\/seminaris-fu-berlin\/","title":{"rendered":"Seminaris FU Berlin"},"content":{"rendered":"\n<figure class=\"wp-block-image size-large\"><img decoding=\"async\" width=\"1980\" height=\"806\" src=\"http:\/\/ndschaft.de\/wp-content\/uploads\/2020\/11\/65_160_AG_001.jpg\" alt=\"\" class=\"wp-image-912\" srcset=\"http:\/\/ndschaft.de\/wp-content\/uploads\/2020\/11\/65_160_AG_001.jpg 1980w, http:\/\/ndschaft.de\/wp-content\/uploads\/2020\/11\/65_160_AG_001-300x122.jpg 300w\" sizes=\"(max-width: 706px) 89vw, (max-width: 767px) 82vw, 740px\" \/><\/figure>\n\n\n\n<p class=\"has-small-font-size\">Das neue Seminar und Hotel Bauvorhaben der Freien Universit\u00e4t Berlin wurde von Helmut Jahn entworfen. Wie bei allen Murphy\/Jahn Projekten, spielt die Landschaftsgestaltung eine gro\u00dfe Rolle im Bezug auf die Erweiterung der Architektur und der Kombination beider Elemente zur Gestaltung eines unverkennbaren Projektes.<\/p>\n\n\n\n<figure class=\"wp-block-image size-large\"><img decoding=\"async\" width=\"1417\" height=\"399\" src=\"http:\/\/ndschaft.de\/wp-content\/uploads\/2020\/11\/45_160_FU-Berlin_18-1.jpg\" alt=\"\" class=\"wp-image-910\" srcset=\"http:\/\/ndschaft.de\/wp-content\/uploads\/2020\/11\/45_160_FU-Berlin_18-1.jpg 1417w, http:\/\/ndschaft.de\/wp-content\/uploads\/2020\/11\/45_160_FU-Berlin_18-1-300x84.jpg 300w\" sizes=\"(max-width: 706px) 89vw, (max-width: 767px) 82vw, 740px\" \/><\/figure>\n\n\n\n<p class=\"has-small-font-size\">Sowohl das Pflaster, als auch die Pergola\/Randger\u00fcst haben sich aus der Geb\u00e4udegestaltung heraus entwickelt und schaffen somit eine starke Raumwahrnehmung. Kleinere Fl\u00e4chen, welche im Hof durch die Rankenger\u00fcste entstehen, laden zu diskreten Diskussionen ein.<\/p>\n\n\n\n<figure class=\"wp-block-image size-large\"><img decoding=\"async\" width=\"1024\" height=\"879\" src=\"http:\/\/ndschaft.de\/wp-content\/uploads\/2020\/11\/FU-Berlin_21-1024x879.jpg\" alt=\"\" class=\"wp-image-916\" srcset=\"http:\/\/ndschaft.de\/wp-content\/uploads\/2020\/11\/FU-Berlin_21-1024x879.jpg 1024w, http:\/\/ndschaft.de\/wp-content\/uploads\/2020\/11\/FU-Berlin_21-300x257.jpg 300w, http:\/\/ndschaft.de\/wp-content\/uploads\/2020\/11\/FU-Berlin_21-768x659.jpg 768w, http:\/\/ndschaft.de\/wp-content\/uploads\/2020\/11\/FU-Berlin_21.jpg 1417w\" sizes=\"(max-width: 706px) 89vw, (max-width: 767px) 82vw, 740px\" \/><\/figure>\n\n\n\n<p class=\"has-small-font-size\"><strong><em>Wisteria sinensis<\/em><\/strong>, Kletterpflanzen, mit lilafarbenen Trauben, werden das Ger\u00fcst in wenigen Jahren komplett bedecken und somit einen Dach-\u00e4hnlichen Charakter hervorrufen.<\/p>\n\n\n\n<p class=\"has-small-font-size\">Fotos von bekannten Absolventen innerhalb der Ger\u00fcste sollen die Studenten und Besucher an den Ruf der Universit\u00e4t erinnern. Das Theater, in Form eines W\u00fcrfels, bildet einen Winkelfixpunkt mit einem unabh\u00e4ngigen Eingang.<\/p>\n\n\n\n<p class=\"has-small-font-size\">Der L-f\u00f6rmige Hoteltrakt f\u00fcllt mit Coffee Shop und Snack Bar, welche zum Hof hin offen sind, den Raum mit Leben und Aktivit\u00e4t.<\/p>\n\n\n\n<p class=\"has-small-font-size\"><strong>Architekt: <\/strong>Murphy\/Jahn  &#8211; JAHN Inc<br><strong>Auftraggeber:<\/strong> Hermann Kirchner Hoch- und Ingenieurbau GmbH<br><strong>Baugebiet<\/strong>: 11.250 m\u00b2<br><strong>Planungs- \/Bauzeitrau<\/strong>m: 2006-2009<br><strong>Standort:<\/strong> Berlin, Deutschland<\/p>\n","protected":false},"excerpt":{"rendered":"<p>Das neue Seminar und Hotel Bauvorhaben der Freien Universit\u00e4t Berlin wurde von Helmut Jahn entworfen. Wie bei allen Murphy\/Jahn Projekten, spielt die Landschaftsgestaltung eine gro\u00dfe Rolle im Bezug auf die Erweiterung der Architektur und der Kombination beider Elemente zur Gestaltung eines unverkennbaren Projektes. Sowohl das Pflaster, als auch die Pergola\/Randger\u00fcst haben sich aus der Geb\u00e4udegestaltung &hellip; <\/p>\n<p class=\"link-more\"><a href=\"http:\/\/ndschaft.de\/100-2\/seminaris-fu-berlin\/\" class=\"more-link\"><span class=\"screen-reader-text\">\u201eSeminaris FU Berlin\u201c<\/span> weiterlesen<\/a><\/p>\n","protected":false},"author":1,"featured_media":0,"parent":0,"menu_order":0,"comment_status":"closed","ping_status":"closed","template":"","meta":[],"yoast_head":"<!-- This site is optimized with the Yoast SEO plugin v19.14 - https:\/\/yoast.com\/wordpress\/plugins\/seo\/ -->\n<title>Seminaris FU Berlin - salm.l@ndschaft<\/title>\n<meta name=\"robots\" content=\"index, follow, max-snippet:-1, max-image-preview:large, max-video-preview:-1\" \/>\n<link rel=\"canonical\" href=\"https:\/\/ndschaft.de\/100-2\/seminaris-fu-berlin\/\" \/>\n<meta property=\"og:locale\" content=\"de_DE\" \/>\n<meta property=\"og:type\" content=\"article\" \/>\n<meta property=\"og:title\" content=\"Seminaris FU Berlin - salm.l@ndschaft\" \/>\n<meta property=\"og:description\" content=\"Das neue Seminar und Hotel Bauvorhaben der Freien Universit\u00e4t Berlin wurde von Helmut Jahn entworfen. Wie bei allen Murphy\/Jahn Projekten, spielt die Landschaftsgestaltung eine gro\u00dfe Rolle im Bezug auf die Erweiterung der Architektur und der Kombination beider Elemente zur Gestaltung eines unverkennbaren Projektes. Sowohl das Pflaster, als auch die Pergola\/Randger\u00fcst haben sich aus der Geb\u00e4udegestaltung &hellip; \u201eSeminaris FU Berlin\u201c weiterlesen\" \/>\n<meta property=\"og:url\" content=\"https:\/\/ndschaft.de\/100-2\/seminaris-fu-berlin\/\" \/>\n<meta property=\"og:site_name\" content=\"salm.l@ndschaft\" \/>\n<meta property=\"article:publisher\" content=\"https:\/\/www.facebook.com\/Herman.Salm\" \/>\n<meta property=\"article:modified_time\" content=\"2020-11-24T12:44:54+00:00\" \/>\n<meta property=\"og:image\" content=\"http:\/\/ndschaft.de\/wp-content\/uploads\/2020\/11\/65_160_AG_001.jpg\" \/>\n<meta name=\"twitter:card\" content=\"summary_large_image\" \/>\n<meta name=\"twitter:label1\" content=\"Gesch\u00e4tzte Lesezeit\" \/>\n\t<meta name=\"twitter:data1\" content=\"1 Minute\" \/>\n<script type=\"application\/ld+json\" class=\"yoast-schema-graph\">{\"@context\":\"https:\/\/schema.org\",\"@graph\":[{\"@type\":\"WebPage\",\"@id\":\"https:\/\/ndschaft.de\/100-2\/seminaris-fu-berlin\/\",\"url\":\"https:\/\/ndschaft.de\/100-2\/seminaris-fu-berlin\/\",\"name\":\"Seminaris FU Berlin - salm.l@ndschaft\",\"isPartOf\":{\"@id\":\"https:\/\/ndschaft.de\/100-2\/#website\"},\"datePublished\":\"2020-11-19T15:14:16+00:00\",\"dateModified\":\"2020-11-24T12:44:54+00:00\",\"breadcrumb\":{\"@id\":\"https:\/\/ndschaft.de\/100-2\/seminaris-fu-berlin\/#breadcrumb\"},\"inLanguage\":\"de-DE\",\"potentialAction\":[{\"@type\":\"ReadAction\",\"target\":[\"https:\/\/ndschaft.de\/100-2\/seminaris-fu-berlin\/\"]}]},{\"@type\":\"BreadcrumbList\",\"@id\":\"https:\/\/ndschaft.de\/100-2\/seminaris-fu-berlin\/#breadcrumb\",\"itemListElement\":[{\"@type\":\"ListItem\",\"position\":1,\"name\":\"Startseite\",\"item\":\"https:\/\/ndschaft.de\/100-2\/\"},{\"@type\":\"ListItem\",\"position\":2,\"name\":\"Seminaris FU Berlin\"}]},{\"@type\":\"WebSite\",\"@id\":\"https:\/\/ndschaft.de\/100-2\/#website\",\"url\":\"https:\/\/ndschaft.de\/100-2\/\",\"name\":\"salm.l@ndschaft\",\"description\":\"Landschaftsarchitektur und Stadtplanung\",\"publisher\":{\"@id\":\"https:\/\/ndschaft.de\/100-2\/#organization\"},\"potentialAction\":[{\"@type\":\"SearchAction\",\"target\":{\"@type\":\"EntryPoint\",\"urlTemplate\":\"https:\/\/ndschaft.de\/100-2\/?s={search_term_string}\"},\"query-input\":\"required name=search_term_string\"}],\"inLanguage\":\"de-DE\"},{\"@type\":\"Organization\",\"@id\":\"https:\/\/ndschaft.de\/100-2\/#organization\",\"name\":\"salm.l@ndschaft.de\",\"url\":\"https:\/\/ndschaft.de\/100-2\/\",\"logo\":{\"@type\":\"ImageObject\",\"inLanguage\":\"de-DE\",\"@id\":\"https:\/\/ndschaft.de\/100-2\/#\/schema\/logo\/image\/\",\"url\":\"\",\"contentUrl\":\"\",\"caption\":\"salm.l@ndschaft.de\"},\"image\":{\"@id\":\"https:\/\/ndschaft.de\/100-2\/#\/schema\/logo\/image\/\"},\"sameAs\":[\"https:\/\/www.instagram.com\/herman_salm\/?hl=de\",\"https:\/\/www.linkedin.com\/in\/herman-salm-a2796519\",\"https:\/\/www.facebook.com\/Herman.Salm\"]}]}<\/script>\n<!-- \/ Yoast SEO plugin. -->","yoast_head_json":{"title":"Seminaris FU Berlin - salm.l@ndschaft","robots":{"index":"index","follow":"follow","max-snippet":"max-snippet:-1","max-image-preview":"max-image-preview:large","max-video-preview":"max-video-preview:-1"},"canonical":"https:\/\/ndschaft.de\/100-2\/seminaris-fu-berlin\/","og_locale":"de_DE","og_type":"article","og_title":"Seminaris FU Berlin - salm.l@ndschaft","og_description":"Das neue Seminar und Hotel Bauvorhaben der Freien Universit\u00e4t Berlin wurde von Helmut Jahn entworfen. Wie bei allen Murphy\/Jahn Projekten, spielt die Landschaftsgestaltung eine gro\u00dfe Rolle im Bezug auf die Erweiterung der Architektur und der Kombination beider Elemente zur Gestaltung eines unverkennbaren Projektes. Sowohl das Pflaster, als auch die Pergola\/Randger\u00fcst haben sich aus der Geb\u00e4udegestaltung &hellip; \u201eSeminaris FU Berlin\u201c weiterlesen","og_url":"https:\/\/ndschaft.de\/100-2\/seminaris-fu-berlin\/","og_site_name":"salm.l@ndschaft","article_publisher":"https:\/\/www.facebook.com\/Herman.Salm","article_modified_time":"2020-11-24T12:44:54+00:00","og_image":[{"url":"http:\/\/ndschaft.de\/wp-content\/uploads\/2020\/11\/65_160_AG_001.jpg"}],"twitter_card":"summary_large_image","twitter_misc":{"Gesch\u00e4tzte Lesezeit":"1 Minute"},"schema":{"@context":"https:\/\/schema.org","@graph":[{"@type":"WebPage","@id":"https:\/\/ndschaft.de\/100-2\/seminaris-fu-berlin\/","url":"https:\/\/ndschaft.de\/100-2\/seminaris-fu-berlin\/","name":"Seminaris FU Berlin - salm.l@ndschaft","isPartOf":{"@id":"https:\/\/ndschaft.de\/100-2\/#website"},"datePublished":"2020-11-19T15:14:16+00:00","dateModified":"2020-11-24T12:44:54+00:00","breadcrumb":{"@id":"https:\/\/ndschaft.de\/100-2\/seminaris-fu-berlin\/#breadcrumb"},"inLanguage":"de-DE","potentialAction":[{"@type":"ReadAction","target":["https:\/\/ndschaft.de\/100-2\/seminaris-fu-berlin\/"]}]},{"@type":"BreadcrumbList","@id":"https:\/\/ndschaft.de\/100-2\/seminaris-fu-berlin\/#breadcrumb","itemListElement":[{"@type":"ListItem","position":1,"name":"Startseite","item":"https:\/\/ndschaft.de\/100-2\/"},{"@type":"ListItem","position":2,"name":"Seminaris FU Berlin"}]},{"@type":"WebSite","@id":"https:\/\/ndschaft.de\/100-2\/#website","url":"https:\/\/ndschaft.de\/100-2\/","name":"salm.l@ndschaft","description":"Landschaftsarchitektur und Stadtplanung","publisher":{"@id":"https:\/\/ndschaft.de\/100-2\/#organization"},"potentialAction":[{"@type":"SearchAction","target":{"@type":"EntryPoint","urlTemplate":"https:\/\/ndschaft.de\/100-2\/?s={search_term_string}"},"query-input":"required name=search_term_string"}],"inLanguage":"de-DE"},{"@type":"Organization","@id":"https:\/\/ndschaft.de\/100-2\/#organization","name":"salm.l@ndschaft.de","url":"https:\/\/ndschaft.de\/100-2\/","logo":{"@type":"ImageObject","inLanguage":"de-DE","@id":"https:\/\/ndschaft.de\/100-2\/#\/schema\/logo\/image\/","url":"","contentUrl":"","caption":"salm.l@ndschaft.de"},"image":{"@id":"https:\/\/ndschaft.de\/100-2\/#\/schema\/logo\/image\/"},"sameAs":["https:\/\/www.instagram.com\/herman_salm\/?hl=de","https:\/\/www.linkedin.com\/in\/herman-salm-a2796519","https:\/\/www.facebook.com\/Herman.Salm"]}]}},"_links":{"self":[{"href":"http:\/\/ndschaft.de\/100-2\/wp-json\/wp\/v2\/pages\/714"}],"collection":[{"href":"http:\/\/ndschaft.de\/100-2\/wp-json\/wp\/v2\/pages"}],"about":[{"href":"http:\/\/ndschaft.de\/100-2\/wp-json\/wp\/v2\/types\/page"}],"author":[{"embeddable":true,"href":"http:\/\/ndschaft.de\/100-2\/wp-json\/wp\/v2\/users\/1"}],"replies":[{"embeddable":true,"href":"http:\/\/ndschaft.de\/100-2\/wp-json\/wp\/v2\/comments?post=714"}],"version-history":[{"count":8,"href":"http:\/\/ndschaft.de\/100-2\/wp-json\/wp\/v2\/pages\/714\/revisions"}],"predecessor-version":[{"id":1155,"href":"http:\/\/ndschaft.de\/100-2\/wp-json\/wp\/v2\/pages\/714\/revisions\/1155"}],"wp:attachment":[{"href":"http:\/\/ndschaft.de\/100-2\/wp-json\/wp\/v2\/media?parent=714"}],"curies":[{"name":"wp","href":"https:\/\/api.w.org\/{rel}","templated":true}]}}