{"id":712,"date":"2020-11-19T14:04:17","date_gmt":"2020-11-19T14:04:17","guid":{"rendered":"http:\/\/ndschaft.de\/?page_id=712"},"modified":"2020-11-20T21:04:03","modified_gmt":"2020-11-20T21:04:03","slug":"tertianum-seniore-residenz","status":"publish","type":"page","link":"http:\/\/ndschaft.de\/100-2\/tertianum-seniore-residenz\/","title":{"rendered":"Tertianum Senior Residenz, M\u00fcnchen"},"content":{"rendered":"\n<p>Architekt : Hilmer Sattler Architekten\/ <br>Ahler Albrecht Gesellschaft von Architekten mbH<\/p>\n\n\n\n<figure class=\"wp-block-image size-large is-style-default\"><img decoding=\"async\" width=\"1980\" height=\"1113\" src=\"http:\/\/ndschaft.de\/wp-content\/uploads\/2020\/11\/90_160_AZ_004-1.jpg\" alt=\"\" class=\"wp-image-744\" srcset=\"http:\/\/ndschaft.de\/wp-content\/uploads\/2020\/11\/90_160_AZ_004-1.jpg 1980w, http:\/\/ndschaft.de\/wp-content\/uploads\/2020\/11\/90_160_AZ_004-1-300x169.jpg 300w\" sizes=\"(max-width: 706px) 89vw, (max-width: 767px) 82vw, 740px\" \/><\/figure>\n\n\n\n<p>Seniorenresidenz mit eigenst\u00e4ndigen Appartements, betreutem Wohnen und integrierter Pflegestation in innerst\u00e4dtischer Lage M\u00fcnchens. Den s\u00fcdlichen Abschluss bildet der neu erstellte st\u00e4dtische Kinder-garten, mit ausgeformten Spielfl\u00e4chen.<\/p>\n\n\n\n<figure class=\"wp-block-image size-large is-style-default\"><img decoding=\"async\" width=\"1024\" height=\"682\" src=\"http:\/\/ndschaft.de\/wp-content\/uploads\/2020\/11\/100_150_AZ_005-1024x682.jpg\" alt=\"\" class=\"wp-image-739\" srcset=\"http:\/\/ndschaft.de\/wp-content\/uploads\/2020\/11\/100_150_AZ_005-1024x682.jpg 1024w, http:\/\/ndschaft.de\/wp-content\/uploads\/2020\/11\/100_150_AZ_005-300x200.jpg 300w, http:\/\/ndschaft.de\/wp-content\/uploads\/2020\/11\/100_150_AZ_005.jpg 1980w\" sizes=\"(max-width: 706px) 89vw, (max-width: 767px) 82vw, 740px\" \/><\/figure>\n\n\n\n<p>&nbsp;Hochwertige und anspruchsvolle Ausf\u00fchrung der Freianlagen, mit 3 Innenh\u00f6fen. Ein langgestreckter Hof greift das klassische Gartenthema der geo-metrischen Ordnung auf und wird mit gezieltem Belag wechseln, strengen Heckenkulissen und Hochbeeten neu kombiniert. Mit 38 m langem Wassertisch (Stahlkante, Sitzrand), ruhig sprudelndem Wasser mit umlaufendem Gartenweg (in Kunstharz gebundenem Mor\u00e4nensplitt) dient als Herzst\u00fcck und zentraler Spazierweg der Bewohner. Sitznischen inmitten von Flieder- und<\/p>\n\n\n\n<figure class=\"is-layout-flex wp-block-gallery-1 wp-block-gallery columns-1 is-cropped\"><ul class=\"blocks-gallery-grid\"><li class=\"blocks-gallery-item\"><figure><img decoding=\"async\" width=\"1024\" height=\"682\" src=\"http:\/\/ndschaft.de\/wp-content\/uploads\/2020\/11\/100_150_AZ_008-1024x682.jpg\" alt=\"\" data-id=\"742\" data-full-url=\"http:\/\/ndschaft.de\/wp-content\/uploads\/2020\/11\/100_150_AZ_008.jpg\" data-link=\"http:\/\/ndschaft.de\/?attachment_id=742\" class=\"wp-image-742\" srcset=\"http:\/\/ndschaft.de\/wp-content\/uploads\/2020\/11\/100_150_AZ_008-1024x682.jpg 1024w, http:\/\/ndschaft.de\/wp-content\/uploads\/2020\/11\/100_150_AZ_008-300x200.jpg 300w, http:\/\/ndschaft.de\/wp-content\/uploads\/2020\/11\/100_150_AZ_008.jpg 1980w\" sizes=\"(max-width: 706px) 89vw, (max-width: 767px) 82vw, 740px\" \/><\/figure><\/li><li class=\"blocks-gallery-item\"><figure><img decoding=\"async\" width=\"1024\" height=\"682\" src=\"http:\/\/ndschaft.de\/wp-content\/uploads\/2020\/11\/100_150_AZ_007-1024x682.jpg\" alt=\"\" data-id=\"741\" data-full-url=\"http:\/\/ndschaft.de\/wp-content\/uploads\/2020\/11\/100_150_AZ_007.jpg\" data-link=\"http:\/\/ndschaft.de\/?attachment_id=741\" class=\"wp-image-741\" srcset=\"http:\/\/ndschaft.de\/wp-content\/uploads\/2020\/11\/100_150_AZ_007-1024x682.jpg 1024w, http:\/\/ndschaft.de\/wp-content\/uploads\/2020\/11\/100_150_AZ_007-300x200.jpg 300w, http:\/\/ndschaft.de\/wp-content\/uploads\/2020\/11\/100_150_AZ_007.jpg 1980w\" sizes=\"(max-width: 706px) 89vw, (max-width: 767px) 82vw, 740px\" \/><\/figure><\/li><li class=\"blocks-gallery-item\"><figure><img decoding=\"async\" width=\"1024\" height=\"682\" src=\"http:\/\/ndschaft.de\/wp-content\/uploads\/2020\/11\/100_150_AZ_006-1024x682.jpg\" alt=\"\" data-id=\"740\" data-full-url=\"http:\/\/ndschaft.de\/wp-content\/uploads\/2020\/11\/100_150_AZ_006.jpg\" data-link=\"http:\/\/ndschaft.de\/?attachment_id=740\" class=\"wp-image-740\" srcset=\"http:\/\/ndschaft.de\/wp-content\/uploads\/2020\/11\/100_150_AZ_006-1024x682.jpg 1024w, http:\/\/ndschaft.de\/wp-content\/uploads\/2020\/11\/100_150_AZ_006-300x200.jpg 300w, http:\/\/ndschaft.de\/wp-content\/uploads\/2020\/11\/100_150_AZ_006.jpg 1980w\" sizes=\"(max-width: 706px) 89vw, (max-width: 767px) 82vw, 740px\" \/><\/figure><\/li><\/ul><\/figure>\n\n\n\n<p>Schneeballgeb\u00fcschen\/-Flor unter gr\u00fcnem Bl\u00e4tter-dach, kontrastiert mit lebhaften Staudenbeeten. Ein Spiel von Form und Farbe. Zwei kleinere &#8222;Innenh\u00f6fe&#8220; thematisieren Bewegung und Ruhe: der Kneippbecken\u2011Garten und der Lese- und Duftgarten mit Holz deck unter einem Kuchenbaum.<\/p>\n\n\n\n<p>&nbsp;Ausformung intensiver Dachbegr\u00fcnung im Bereich der Pflegestation. Gro\u00dfz\u00fcgige Terrassen mit individuellen Dachg\u00e4rten, mit Blick auf den gr\u00fcnen Innenhof.<\/p>\n\n\n\n<p><strong>Architekt<\/strong>: HILMER SATTLER ARCHITEKTEN<br>AHLERS ALBRECHT<br>Gesellschaft von Architekten mbH<br><strong>Auftraggeber:<\/strong> Merkur GmbH \/ Tertianum GmbH<br><strong>Baugebiet<\/strong>: 5.500 m\u00b2<br><strong>Planungs- \/Bauzeitrau<\/strong>m: 1999-2000<br><strong>Standort:<\/strong> M\u00fcnchen, Deutschland<\/p>\n","protected":false},"excerpt":{"rendered":"<p>Architekt : Hilmer Sattler Architekten\/ Ahler Albrecht Gesellschaft von Architekten mbH Seniorenresidenz mit eigenst\u00e4ndigen Appartements, betreutem Wohnen und integrierter Pflegestation in innerst\u00e4dtischer Lage M\u00fcnchens. Den s\u00fcdlichen Abschluss bildet der neu erstellte st\u00e4dtische Kinder-garten, mit ausgeformten Spielfl\u00e4chen. &nbsp;Hochwertige und anspruchsvolle Ausf\u00fchrung der Freianlagen, mit 3 Innenh\u00f6fen. Ein langgestreckter Hof greift das klassische Gartenthema der geo-metrischen Ordnung &hellip; <\/p>\n<p class=\"link-more\"><a href=\"http:\/\/ndschaft.de\/100-2\/tertianum-seniore-residenz\/\" class=\"more-link\"><span class=\"screen-reader-text\">\u201eTertianum Senior Residenz, M\u00fcnchen\u201c<\/span> weiterlesen<\/a><\/p>\n","protected":false},"author":1,"featured_media":0,"parent":0,"menu_order":0,"comment_status":"closed","ping_status":"closed","template":"","meta":[],"yoast_head":"<!-- This site is optimized with the Yoast SEO plugin v19.14 - https:\/\/yoast.com\/wordpress\/plugins\/seo\/ -->\n<title>Tertianum Senior Residenz, M\u00fcnchen - salm.l@ndschaft<\/title>\n<meta name=\"robots\" content=\"index, follow, max-snippet:-1, max-image-preview:large, max-video-preview:-1\" \/>\n<link rel=\"canonical\" href=\"http:\/\/ndschaft.de\/100-2\/tertianum-seniore-residenz\/\" \/>\n<meta property=\"og:locale\" content=\"de_DE\" \/>\n<meta property=\"og:type\" content=\"article\" \/>\n<meta property=\"og:title\" content=\"Tertianum Senior Residenz, M\u00fcnchen - salm.l@ndschaft\" \/>\n<meta property=\"og:description\" content=\"Architekt : Hilmer Sattler Architekten\/ Ahler Albrecht Gesellschaft von Architekten mbH Seniorenresidenz mit eigenst\u00e4ndigen Appartements, betreutem Wohnen und integrierter Pflegestation in innerst\u00e4dtischer Lage M\u00fcnchens. Den s\u00fcdlichen Abschluss bildet der neu erstellte st\u00e4dtische Kinder-garten, mit ausgeformten Spielfl\u00e4chen. &nbsp;Hochwertige und anspruchsvolle Ausf\u00fchrung der Freianlagen, mit 3 Innenh\u00f6fen. Ein langgestreckter Hof greift das klassische Gartenthema der geo-metrischen Ordnung &hellip; \u201eTertianum Senior Residenz, M\u00fcnchen\u201c weiterlesen\" \/>\n<meta property=\"og:url\" content=\"http:\/\/ndschaft.de\/100-2\/tertianum-seniore-residenz\/\" \/>\n<meta property=\"og:site_name\" content=\"salm.l@ndschaft\" \/>\n<meta property=\"article:publisher\" content=\"https:\/\/www.facebook.com\/Herman.Salm\" \/>\n<meta property=\"article:modified_time\" content=\"2020-11-20T21:04:03+00:00\" \/>\n<meta property=\"og:image\" content=\"http:\/\/ndschaft.de\/wp-content\/uploads\/2020\/11\/90_160_AZ_004-1.jpg\" \/>\n<meta name=\"twitter:card\" content=\"summary_large_image\" \/>\n<meta name=\"twitter:label1\" content=\"Gesch\u00e4tzte Lesezeit\" \/>\n\t<meta name=\"twitter:data1\" content=\"1 Minute\" \/>\n<script type=\"application\/ld+json\" class=\"yoast-schema-graph\">{\"@context\":\"https:\/\/schema.org\",\"@graph\":[{\"@type\":\"WebPage\",\"@id\":\"http:\/\/ndschaft.de\/100-2\/tertianum-seniore-residenz\/\",\"url\":\"http:\/\/ndschaft.de\/100-2\/tertianum-seniore-residenz\/\",\"name\":\"Tertianum Senior Residenz, M\u00fcnchen - salm.l@ndschaft\",\"isPartOf\":{\"@id\":\"http:\/\/ndschaft.de\/100-2\/#website\"},\"datePublished\":\"2020-11-19T14:04:17+00:00\",\"dateModified\":\"2020-11-20T21:04:03+00:00\",\"breadcrumb\":{\"@id\":\"http:\/\/ndschaft.de\/100-2\/tertianum-seniore-residenz\/#breadcrumb\"},\"inLanguage\":\"de-DE\",\"potentialAction\":[{\"@type\":\"ReadAction\",\"target\":[\"http:\/\/ndschaft.de\/100-2\/tertianum-seniore-residenz\/\"]}]},{\"@type\":\"BreadcrumbList\",\"@id\":\"http:\/\/ndschaft.de\/100-2\/tertianum-seniore-residenz\/#breadcrumb\",\"itemListElement\":[{\"@type\":\"ListItem\",\"position\":1,\"name\":\"Startseite\",\"item\":\"http:\/\/ndschaft.de\/100-2\/\"},{\"@type\":\"ListItem\",\"position\":2,\"name\":\"Tertianum Senior Residenz, M\u00fcnchen\"}]},{\"@type\":\"WebSite\",\"@id\":\"http:\/\/ndschaft.de\/100-2\/#website\",\"url\":\"http:\/\/ndschaft.de\/100-2\/\",\"name\":\"salm.l@ndschaft\",\"description\":\"Landschaftsarchitektur und Stadtplanung\",\"publisher\":{\"@id\":\"http:\/\/ndschaft.de\/100-2\/#organization\"},\"potentialAction\":[{\"@type\":\"SearchAction\",\"target\":{\"@type\":\"EntryPoint\",\"urlTemplate\":\"http:\/\/ndschaft.de\/100-2\/?s={search_term_string}\"},\"query-input\":\"required name=search_term_string\"}],\"inLanguage\":\"de-DE\"},{\"@type\":\"Organization\",\"@id\":\"http:\/\/ndschaft.de\/100-2\/#organization\",\"name\":\"salm.l@ndschaft.de\",\"url\":\"http:\/\/ndschaft.de\/100-2\/\",\"logo\":{\"@type\":\"ImageObject\",\"inLanguage\":\"de-DE\",\"@id\":\"http:\/\/ndschaft.de\/100-2\/#\/schema\/logo\/image\/\",\"url\":\"\",\"contentUrl\":\"\",\"caption\":\"salm.l@ndschaft.de\"},\"image\":{\"@id\":\"http:\/\/ndschaft.de\/100-2\/#\/schema\/logo\/image\/\"},\"sameAs\":[\"https:\/\/www.instagram.com\/herman_salm\/?hl=de\",\"https:\/\/www.linkedin.com\/in\/herman-salm-a2796519\",\"https:\/\/www.facebook.com\/Herman.Salm\"]}]}<\/script>\n<!-- \/ Yoast SEO plugin. -->","yoast_head_json":{"title":"Tertianum Senior Residenz, M\u00fcnchen - salm.l@ndschaft","robots":{"index":"index","follow":"follow","max-snippet":"max-snippet:-1","max-image-preview":"max-image-preview:large","max-video-preview":"max-video-preview:-1"},"canonical":"http:\/\/ndschaft.de\/100-2\/tertianum-seniore-residenz\/","og_locale":"de_DE","og_type":"article","og_title":"Tertianum Senior Residenz, M\u00fcnchen - salm.l@ndschaft","og_description":"Architekt : Hilmer Sattler Architekten\/ Ahler Albrecht Gesellschaft von Architekten mbH Seniorenresidenz mit eigenst\u00e4ndigen Appartements, betreutem Wohnen und integrierter Pflegestation in innerst\u00e4dtischer Lage M\u00fcnchens. Den s\u00fcdlichen Abschluss bildet der neu erstellte st\u00e4dtische Kinder-garten, mit ausgeformten Spielfl\u00e4chen. &nbsp;Hochwertige und anspruchsvolle Ausf\u00fchrung der Freianlagen, mit 3 Innenh\u00f6fen. Ein langgestreckter Hof greift das klassische Gartenthema der geo-metrischen Ordnung &hellip; \u201eTertianum Senior Residenz, M\u00fcnchen\u201c weiterlesen","og_url":"http:\/\/ndschaft.de\/100-2\/tertianum-seniore-residenz\/","og_site_name":"salm.l@ndschaft","article_publisher":"https:\/\/www.facebook.com\/Herman.Salm","article_modified_time":"2020-11-20T21:04:03+00:00","og_image":[{"url":"http:\/\/ndschaft.de\/wp-content\/uploads\/2020\/11\/90_160_AZ_004-1.jpg"}],"twitter_card":"summary_large_image","twitter_misc":{"Gesch\u00e4tzte Lesezeit":"1 Minute"},"schema":{"@context":"https:\/\/schema.org","@graph":[{"@type":"WebPage","@id":"http:\/\/ndschaft.de\/100-2\/tertianum-seniore-residenz\/","url":"http:\/\/ndschaft.de\/100-2\/tertianum-seniore-residenz\/","name":"Tertianum Senior Residenz, M\u00fcnchen - salm.l@ndschaft","isPartOf":{"@id":"http:\/\/ndschaft.de\/100-2\/#website"},"datePublished":"2020-11-19T14:04:17+00:00","dateModified":"2020-11-20T21:04:03+00:00","breadcrumb":{"@id":"http:\/\/ndschaft.de\/100-2\/tertianum-seniore-residenz\/#breadcrumb"},"inLanguage":"de-DE","potentialAction":[{"@type":"ReadAction","target":["http:\/\/ndschaft.de\/100-2\/tertianum-seniore-residenz\/"]}]},{"@type":"BreadcrumbList","@id":"http:\/\/ndschaft.de\/100-2\/tertianum-seniore-residenz\/#breadcrumb","itemListElement":[{"@type":"ListItem","position":1,"name":"Startseite","item":"http:\/\/ndschaft.de\/100-2\/"},{"@type":"ListItem","position":2,"name":"Tertianum Senior Residenz, M\u00fcnchen"}]},{"@type":"WebSite","@id":"http:\/\/ndschaft.de\/100-2\/#website","url":"http:\/\/ndschaft.de\/100-2\/","name":"salm.l@ndschaft","description":"Landschaftsarchitektur und Stadtplanung","publisher":{"@id":"http:\/\/ndschaft.de\/100-2\/#organization"},"potentialAction":[{"@type":"SearchAction","target":{"@type":"EntryPoint","urlTemplate":"http:\/\/ndschaft.de\/100-2\/?s={search_term_string}"},"query-input":"required name=search_term_string"}],"inLanguage":"de-DE"},{"@type":"Organization","@id":"http:\/\/ndschaft.de\/100-2\/#organization","name":"salm.l@ndschaft.de","url":"http:\/\/ndschaft.de\/100-2\/","logo":{"@type":"ImageObject","inLanguage":"de-DE","@id":"http:\/\/ndschaft.de\/100-2\/#\/schema\/logo\/image\/","url":"","contentUrl":"","caption":"salm.l@ndschaft.de"},"image":{"@id":"http:\/\/ndschaft.de\/100-2\/#\/schema\/logo\/image\/"},"sameAs":["https:\/\/www.instagram.com\/herman_salm\/?hl=de","https:\/\/www.linkedin.com\/in\/herman-salm-a2796519","https:\/\/www.facebook.com\/Herman.Salm"]}]}},"_links":{"self":[{"href":"http:\/\/ndschaft.de\/100-2\/wp-json\/wp\/v2\/pages\/712"}],"collection":[{"href":"http:\/\/ndschaft.de\/100-2\/wp-json\/wp\/v2\/pages"}],"about":[{"href":"http:\/\/ndschaft.de\/100-2\/wp-json\/wp\/v2\/types\/page"}],"author":[{"embeddable":true,"href":"http:\/\/ndschaft.de\/100-2\/wp-json\/wp\/v2\/users\/1"}],"replies":[{"embeddable":true,"href":"http:\/\/ndschaft.de\/100-2\/wp-json\/wp\/v2\/comments?post=712"}],"version-history":[{"count":6,"href":"http:\/\/ndschaft.de\/100-2\/wp-json\/wp\/v2\/pages\/712\/revisions"}],"predecessor-version":[{"id":1096,"href":"http:\/\/ndschaft.de\/100-2\/wp-json\/wp\/v2\/pages\/712\/revisions\/1096"}],"wp:attachment":[{"href":"http:\/\/ndschaft.de\/100-2\/wp-json\/wp\/v2\/media?parent=712"}],"curies":[{"name":"wp","href":"https:\/\/api.w.org\/{rel}","templated":true}]}}